t v = -1272 - -2494. Suppose 0 = d - 2*d - 3*u + v, -r = -d + u. Is d composite?
True
Suppose -4*r - 5*i - 5 = 0, 0 = 2*r + 5*i - i + 10. Suppose 2*k = r*c + 592, 181 = -3*k - 2*c + 1107. Is (k/4)/3 + 1/(-2) a composite number?
True
Suppose -16*l - 5*a - 47 = -19*l, 0 = -5*l - a + 41. Suppose -5678 = -l*t + 2089. Is t composite?
False
Let y(m) = 15 - 5*m + 10*m - 3*m. Let u be y(-6). Suppose -w = -2*f + 32 + 251, u*w - 438 = -3*f. Is f a composite number?
True
Let k(u) = -319*u - 33 - 29 + 0 + 11 - 384*u. Is k(-4) a prime number?
False
Let s = -308 - -305. Is (s + 886/(-4))/(12/(-312)) a composite number?
True
Let q(a) be the first derivative of 102*a**3 + a**2/2 - 18*a - 104. Is q(-7) a prime number?
True
Suppose -2*g + 4*g - 667 = -5*k, 4*k - 12 = 0. Suppose -17*c + 16*c = 75. Let l = c + g. Is l a composite number?
False
Let t(l) = l**3 - 11*l**2 + 3*l - 12. Let v be t(12). Let d(r) = -41*r**3 - v*r**3 - 141*r**3 + 13*r**3. Is d(-1) a composite number?
False
Suppose 2*d + 5*u - 7429 = 0, 78*d - 2*u - 3701 = 77*d. Is d a prime number?
False
Suppose 2856438 = 4*w - 2*m, 4*w - m = -41503 + 2897940. Is w composite?
True
Let c(i) = -47485*i - 1502. Is c(-3) a composite number?
True
Let j be ((-40)/25)/4 - 9222/(-5). Suppose 5*b - 4601 = -2*m, -20*b + 22*b = -2*m + j. Is b a composite number?
False
Suppose -5*z - 37 = -47. Suppose z*c = -2*c + 2*c. Suppose c = -3*d + 6*d + 5*k - 4009, -2*d + 2670 = 4*k. Is d prime?
False
Let o(t) = 2*t + 1. Let a(z) = -154*z - 56. Let q(g) = -a(g) + 8*o(g). Is q(15) a composite number?
True
Let z(q) = -23*q**2 - 8*q - 2. Let y be z(10). Let i = y - -4105. Is i a prime number?
True
Let z(o) be the first derivative of 1027*o**6/360 - o**5/120 - o**4/24 + 10*o**3 + 21. Let d(y) be the third derivative of z(y). Is d(3) a composite number?
False
Suppose -5*d + 6*d - 15 = 0. Suppose -d*k = -7080 - 3435. Is k composite?
False
Suppose -726368 = 23*z - 1981222 - 1274847. Is z a prime number?
True
Let q(s) = -9*s**3 + 6*s**2 + 7*s - 12. Let n be q(-5). Let r = n - 421. Let x = -176 + r. Is x prime?
True
Suppose 2*f + 3*l + 14 = 0, 5*f + 4*l + 28 = f. Is 4783 - (f + 6) - 3 composite?
True
Let c(r) = 2*r**3 - 9*r**2 + 5*r + 4. Let m be c(-15). Let z = 13627 + m. Is z composite?
True
Let x be (3 - 6)/((-1)/(16/6)). Let h(a) = 2*a + 46. Let i be h(x). Let p = 469 - i. Is p composite?
True
Let v(m) = 3427*m + 123 - 2 + 58. Is v(8) a composite number?
True
Let o(a) be the first derivative of -a**3/3 + 17*a**2 + 11*a + 25. Is o(24) prime?
True
Let r(y) be the second derivative of -17*y**3/2 - 169*y**2/2 - 3*y - 39. Is r(-28) composite?
False
Let u(l) = -4*l**3 - 130*l**2 - 50*l - 25. Is u(-49) prime?
False
Is 5*(-5 - 4611187/14)/(40/(-16)) prime?
True
Let a = -12839 - -18508. Is a prime?
True
Let y = -283 + 286. Suppose -5*r + 2142 = -3*k - 3218, y*r + k - 3202 = 0. Is r a prime number?
True
Suppose -4*j + 3127 = 4*d + 19, -4*j - 1566 = -2*d. Suppose -4*h + d = 2*v - 19799, 0 = -h - 5*v + 5122. Is h composite?
False
Let p = 55177 + -35924. Is p a prime number?
False
Suppose -5*y + 4*t + 1 = -10*y, -y - 13 = 4*t. Suppose -1808 + 452 = y*n. Let x = n + 931. Is x a composite number?
False
Let o(w) = -5*w**3 - 26*w**2 + 32*w - 132. Is o(-29) a prime number?
False
Let a = 31115 - 17554. Is a composite?
True
Let h(y) = -y - 2. Let v be h(3). Let x(w) = -11*w**3 + 6*w**2 - 4*w + 12. Let z be x(v). Suppose 6*u = z + 1641. Is u a composite number?
True
Let a(b) = -30776*b + 6967. Is a(-11) composite?
True
Let o = 63 + -67. Let l(n) = -6*n**3 - n**2 + n + 5. Let z be l(o). Let k = z - 220. Is k a prime number?
True
Suppose -5*b - 2*z - 5 = 0, 3*z = 2*b + z + 16. Let o be (-17756)/(-24) - b/18. Suppose -r + 4*i = -379, i + o = 2*r - i. Is r composite?
False
Suppose 1573486 = 118*w - 84*w. Is w prime?
True
Let d(t) = -10081*t + 417. Is d(-20) a prime number?
False
Let w = -42052 + 73137. Is w composite?
True
Is 2*42790/1 + ((-186)/6 - -22) a prime number?
True
Let k(l) = 173*l**2 + 180*l + 5616. Is k(-29) prime?
False
Let r(i) = -70*i - 8762*i - 3177*i + 630*i. Let x be r(4). Is (-6)/42 + x/(-14) prime?
True
Let y(b) = -10103*b - 1417. Is y(-16) prime?
True
Let x = 227664 + 83027. Is x a composite number?
True
Let u = 306 - -86. Let h = 1515 - u. Is h prime?
True
Suppose -1758*f + 196687 = 3*o - 1754*f, o + 2*f = 65557. Is o a prime number?
False
Suppose -52*r + 47*r + 230645 = 0. Suppose -9*f + r = -12200. Is f a composite number?
False
Suppose -4*x + 9 = 25. Let w be (x - 1)/(-5)*2237. Suppose -3*b - 577 + 1912 = 3*y, -2*y + w = 5*b. Is b composite?
False
Let a = 38017 - 5630. Is a a composite number?
True
Is 56560/8 + -6 + 5 a prime number?
True
Let a(z) = -2513*z + 6654. Is a(-43) a prime number?
True
Let t(l) = l**3 - 70*l**2 + 93*l + 301. Is t(73) a composite number?
True
Let t(w) = 51104*w - 4807. Is t(21) composite?
False
Let d(i) = -2*i**3 - 18*i**2 - 7*i - 27. Let l = 29 - 29. Suppose -4*z + l*r + r = 51, -2*z = 4*r + 12. Is d(z) composite?
True
Is (-1210)/121 + -12606*159/(-6) a prime number?
True
Let u(f) be the third derivative of -f**6/120 + 19*f**5/60 - 11*f**4/24 + 35*f**3/6 - 21*f**2. Let v be u(16). Let i = -364 + v. Is i a composite number?
False
Let c = 679 - 675. Is (6/21)/(c/14126) a prime number?
True
Suppose -244*a = -241*a - 48651. Is a a composite number?
False
Let a(g) = 8*g + 859. Let i be (0/7)/(-3 - -1). Is a(i) a composite number?
False
Suppose -4*a + 11 = 5*g - 21, g + 2*a - 10 = 0. Suppose -7*c = -g*c - 282. Is c composite?
True
Let l = -65805 - -96674. Is l prime?
True
Let v(r) be the second derivative of 61*r**5/30 + 7*r**4/24 - r**3/6 - 4*r**2 + 15*r. Let j(z) be the first derivative of v(z). Is j(2) a prime number?
False
Suppose -x = -4*p - 64581, 6*p = -x + 8*p + 64579. Is x prime?
True
Suppose 0 = 3*k - 4*o - 30, 5*k + 2*o - 18 = -2*o. Let y(x) = 4*x - 7*x**2 - 1 + 5*x**2 - 5*x**2 - x + 4*x**3. Is y(k) composite?
True
Suppose 37997 = p + 8652. Suppose 5*b = 5*g - p, 3*b + b - 17635 = -3*g. Is g a composite number?
True
Suppose -2*i = -5*s - 582, -s + 5*s = 5*i - 452. Let u = s + 327. Is u a prime number?
False
Suppose -3*r = 56*c - 55*c - 42077, -5*r = 10. Is c a prime number?
True
Let i(h) = 9664*h**2 - 5*h + 3. Is i(-2) composite?
False
Let d(z) = -16586*z + 50. Let n be d(4). Is (-1)/((-6)/n*-3) composite?
True
Let c(x) = 2*x**2 + 25*x + 38. Let j be c(-11). Is 4387 + ((-15)/j - (-5 - -4)) a prime number?
False
Let m be 21/6*(-15)/((-105)/98). Is (-10 - 37)*(2 - m) a prime number?
False
Let a = 239321 + -163408. Is a prime?
True
Suppose 2*m - 12 = -20. Let h be 3/(-8 + 3 - m). Is h/12 - (-171)/12 prime?
False
Suppose 10*x - 21730 = 25300. Is x a composite number?
False
Let t(b) = -23937*b + 10481. Is t(-34) a composite number?
False
Let m = 67401 + -36002. Is m a prime number?
False
Let a(x) = -x**3 + 32*x**2 - 60*x + 47. Let k be a(30). Is ((-405986)/k)/(2*1/(-1)) a prime number?
False
Suppose 3*v + 25085 = 40*d - 39*d, v + 50190 = 2*d. Is d prime?
True
Let b be (5/1)/(4 - (-3)/(-1)). Suppose -b*j + 7*j = 8. Suppose j*p + 3 + 1 = 0, -5*g + 4340 = 5*p. Is g a composite number?
True
Suppose 3*v + 4*i = -24, 0 = 5*i - 15. Is (-4)/(-6)*(-90)/v + 8100 a prime number?
False
Let v(n) = 21*n**2 - 155*n - 383. Is v(-60) a composite number?
True
Let f = -2432 - -5815. Let j(r) = r**3 + 5*r**2 - 40*r - 32. Let x be j(-9). Suppose -f - 1869 = -x*u. Is u a prime number?
False
Suppose 183331 = 9*z + 1135. Let d = z + 6935. Is d a prime number?
True
Suppose p + 9040 = -0*c + 4*c, 6780 = 3*c - 5*p. Let r = c + 2029. Is r a prime number?
True
Let c(m) = -5827*m - 365. Is c(-24) composite?
False
Let b(t) = -2*t**3 + 2*t**2 + 13*t + 39. Let p = -102 + 94. Is b(p) a composite number?
False
Is 2*1*(3 - (-50)/(-20)) - -118126 composite?
False
Let z = -31 - -29. Let n be z + 5 + 1 + 1. Suppose -n*i + 2*q = -q - 1255, i - q - 251 = 0. Is i a composite number?
False
Let s(j) = -3*j**2 + 48*j**3 - 2 + 4*j - 60*j**3 + 372*j**3. Let n be s(2). Let d = -1705 + n. Is d a prime number?
False
Suppose 4*c - 80019 = -5*c. Suppose 0 = -5*y + 2*k + c, -3*y + k + 2248 = -3086. Is y composite?
False
Let k(d) = d**2 + 8*d - 14. Let o be k(-23). Let v be 20*(3 + o) - -5. Let n = v + -3924. Is n a prime number?
False
Let a be (-10)/35